{"id":80,"date":"2015-04-05T19:13:34","date_gmt":"2015-04-05T17:13:34","guid":{"rendered":"http:\/\/www.wroclawfabryczna.pttk.pl\/www\/?page_id=80"},"modified":"2020-10-12T21:59:51","modified_gmt":"2020-10-12T19:59:51","slug":"odznaka-przedszkolak-przyrodnik","status":"publish","type":"page","link":"https:\/\/wroclawfabryczna.pttk.pl\/?page_id=80","title":{"rendered":"Odznaka &#8222;Przedszkolak przyrodnik&#8221;"},"content":{"rendered":"<p><img loading=\"lazy\" decoding=\"async\" class=\"aligncenter wp-image-757 size-full\" src=\"http:\/\/www.wroclawfabryczna.n.pttk.pl\/wordpress\/wp-content\/uploads\/2020\/09\/opp.png\" alt=\"\" width=\"140\" height=\"140\" \/><\/p>\n<p style=\"text-align: justify;\"><strong>Regulamin Odznaki &#8222;PRZEDSZKOLAK\u00a0 PRZYRODNIK&#8221;<\/strong><\/p>\n<ol style=\"text-align: justify;\">\n<li>Odznaka &#8222;PRZEDSZKOLAK PRZYRODNIK&#8221; jest odznak\u0105 regionaln\u0105 ustanowion\u0105 przez Oddzia\u0142 PTTK Wroc\u0142aw Fabryczna. Nadz\u00f3r nad ni\u0105 sprawuje Zarz\u0105d Oddzia\u0142u poprzez 3 &#8211; osobowy referat weryfikacyjny odznaki powo\u0142any z grona Przewodnik\u00f3w Turystyki Pieszej i Instruktor\u00f3w Ochrony Przyrody.<\/li>\n<li>Celem ustanowienia odznaki jest popularyzacja walor\u00f3w przyrodniczych Polski oraz kwalifikowanej turystyki pieszej.<\/li>\n<li>Odznaka jest jednostopniowa, a kolejno\u015b\u0107 zdobywania obiekt\u00f3w jest dowolna.<\/li>\n<li>Do <strong>Odznaki &#8222;PRZEDSZKOLAK PRZYRODNIK&#8221; <\/strong>zalicza si\u0119 obiekty zdobyte po 1 stycznia 2013 roku, a okres jej zdobywania jest nieograniczony.<\/li>\n<li><strong>Odznak\u0119 &#8222;PRZEDSZKOLAK PRZYRODNIK&#8221;\u00a0 <\/strong>uzyskuje si\u0119 po zwiedzeniu 10 obiekt\u00f3w, w tym: 5 pomnik\u00f3w przyrody, 2 parki zabytkowe lub rezerwaty przyrody, 1 \u015bcie\u017ck\u0119 przyrodnicz\u0105, 2 obiekty dowolnie wybrane (parki narodowe, parki krajobrazowe, rezerwaty przyrody, muzea przyrodnicze, \u015bcie\u017cki przyrodnicze, ogrody botaniczne, dendrologiczne, ogrody zoologiczne, zabytkowe parki, cmentarze itp.) spo\u015br\u00f3d znajduj\u0105cych si\u0119 w okolicy.<\/li>\n<li>Wycieczki do obiekt\u00f3w nale\u017cy odbywa\u0107 z uwzgl\u0119dnieniem zasad bezpiecznego poruszania si\u0119 po mie\u015bcie, przepis\u00f3w przeciwpo\u017carowych i wszelkich innych reguluj\u0105cych uprawianie turystyki kwalifikowanej.<\/li>\n<li>Potwierdzenia zdobycia poszczeg\u00f3lnych obiekt\u00f3w dokonuje si\u0119 poprzez wpisy w <strong>Karcie wycieczek <\/strong>.Potwierdzeniem jest podpis opiekuna, odcisk piecz\u0119ci z pobliskiego obiektu, miejscowo\u015bci itp. W opisie wycieczki powinna znale\u017a\u0107 si\u0119 data, kr\u00f3tki opis przebytej trasy z podaniem nazwy odwiedzonego obiektu, a w przypadku wi\u0119kszych zorganizowanych grup nazwa organizatora.<\/li>\n<li>Po zwiedzeniu wszystkich obiekt\u00f3w <strong>Karty wycieczek <\/strong>dostarcza si\u0119 osobi\u015bcie lub przesy\u0142k\u0105 listow\u0105 na adres: <strong>Oddzia\u0142 PTTK Wroc\u0142aw Fabryczna Referat Weryfikacyjny Odznaki PRZEDSZKOLAK PRZYRODNIK , ul. Ko\u015bciuszki 13\/5, 50-037 Wroc\u0142aw<\/strong> (do przesy\u0142ki nale\u017cy do\u0142\u0105czy\u0107 znaczki na odpowied\u017a listem poleconym).<\/li>\n<li>Zdobywca odznaki otrzymuje <strong>Legitymacj\u0119 odznaki &#8222;PRZEDSZKOLAK PRZYRODNIK&#8221;<\/strong> na podstawie, kt\u00f3rej mo\u017ce wykupi\u0107 i nosi\u0107 odznak\u0119. Odznak\u0119 mo\u017cna wykupi\u0107 w Oddziale PTTK Wroc\u0142aw Fabryczna a jej cena jest uzale\u017cniona od aktualnych koszt\u00f3w produkcji i ustalana przez Referat Weryfikacyjny Odznaki. Wykupienie odznaki jest potwierdzane w <strong>Legitymacji odznaki &#8222;PRZEDSZKOLAK PRZYRODNIK&#8221;<\/strong>.<\/li>\n<li>Odznaka winna by\u0107 wr\u0119czana uroczy\u015bcie na spotkaniach w Przedszkolu.<\/li>\n<li>Wszelkie w\u0105tpliwo\u015bci interpretacyjne dotycz\u0105ce niniejszego Regulaminu rozstrzyga Zarz\u0105d Oddzia\u0142u PTTK Wroc\u0142aw Fabryczna a jego decyzje s\u0105 wi\u0105\u017c\u0105ce i ostateczne.<\/li>\n<li>Wszelkie informacje oraz ewentualne materia\u0142y dotycz\u0105ce <strong>Odznaki &#8222;PRZEDSZKOLAK PRZYRODNIK&#8221;<\/strong> mo\u017cna uzyska\u0107 w Oddziale PTTK Wroc\u0142aw Fabryczna ul. Ko\u015bciuszki 13\/5, 50-037 Wroc\u0142aw,\u00a0\u00a0 tel. 71\u00a0 344 &#8211; 79 &#8211; 80.<\/li>\n<li>Regulamin niniejszy zosta\u0142 uchwalony przez Zarz\u0105d Oddzia\u0142u PTTK Wroc\u0142aw Fabryczna dnia 14-03-2012 roku.<\/li>\n<\/ol>\n<ul>\n<li style=\"text-align: justify;\"><a href=\"http:\/\/www.wroclawfabryczna.pttk.pl\/wordpress\/wp-content\/uploads\/2015\/04\/Karta-potwierdze\u0144-Odznaki-Przedszkolak-Przyrodnik.pdf\" target=\"_blank\" rel=\"noopener noreferrer\">Karta potwierdze\u0144 Odznaki Przedszkolak Przyrodnik<\/a><\/li>\n<\/ul>\n","protected":false},"excerpt":{"rendered":"<p>Regulamin Odznaki &#8222;PRZEDSZKOLAK\u00a0 PRZYRODNIK&#8221; Odznaka &#8222;PRZEDSZKOLAK PRZYRODNIK&#8221; jest odznak\u0105 regionaln\u0105 ustanowion\u0105 przez Oddzia\u0142 PTTK Wroc\u0142aw Fabryczna. Nadz\u00f3r nad ni\u0105 sprawuje Zarz\u0105d Oddzia\u0142u poprzez 3 &#8211; osobowy referat weryfikacyjny odznaki powo\u0142any z grona Przewodnik\u00f3w Turystyki Pieszej i Instruktor\u00f3w Ochrony Przyrody. Celem ustanowienia odznaki jest popularyzacja walor\u00f3w przyrodniczych Polski oraz kwalifikowanej turystyki pieszej. Odznaka jest jednostopniowa, a &hellip; <a href=\"https:\/\/wroclawfabryczna.pttk.pl\/?page_id=80\" class=\"more-link\">Czytaj dalej <span class=\"screen-reader-text\">Odznaka &#8222;Przedszkolak przyrodnik&#8221;<\/span> <span class=\"meta-nav\">&rarr;<\/span><\/a><\/p>\n","protected":false},"author":1,"featured_media":0,"parent":75,"menu_order":2,"comment_status":"closed","ping_status":"closed","template":"","meta":{"footnotes":""},"class_list":["post-80","page","type-page","status-publish","hentry"],"_links":{"self":[{"href":"https:\/\/wroclawfabryczna.pttk.pl\/index.php?rest_route=\/wp\/v2\/pages\/80","targetHints":{"allow":["GET"]}}],"collection":[{"href":"https:\/\/wroclawfabryczna.pttk.pl\/index.php?rest_route=\/wp\/v2\/pages"}],"about":[{"href":"https:\/\/wroclawfabryczna.pttk.pl\/index.php?rest_route=\/wp\/v2\/types\/page"}],"author":[{"embeddable":true,"href":"https:\/\/wroclawfabryczna.pttk.pl\/index.php?rest_route=\/wp\/v2\/users\/1"}],"replies":[{"embeddable":true,"href":"https:\/\/wroclawfabryczna.pttk.pl\/index.php?rest_route=%2Fwp%2Fv2%2Fcomments&post=80"}],"version-history":[{"count":9,"href":"https:\/\/wroclawfabryczna.pttk.pl\/index.php?rest_route=\/wp\/v2\/pages\/80\/revisions"}],"predecessor-version":[{"id":810,"href":"https:\/\/wroclawfabryczna.pttk.pl\/index.php?rest_route=\/wp\/v2\/pages\/80\/revisions\/810"}],"up":[{"embeddable":true,"href":"https:\/\/wroclawfabryczna.pttk.pl\/index.php?rest_route=\/wp\/v2\/pages\/75"}],"wp:attachment":[{"href":"https:\/\/wroclawfabryczna.pttk.pl\/index.php?rest_route=%2Fwp%2Fv2%2Fmedia&parent=80"}],"curies":[{"name":"wp","href":"https:\/\/api.w.org\/{rel}","templated":true}]}}