{"id":72,"date":"2015-04-05T18:51:42","date_gmt":"2015-04-05T16:51:42","guid":{"rendered":"http:\/\/www.wroclawfabryczna.pttk.pl\/www\/?page_id=72"},"modified":"2025-04-18T14:49:30","modified_gmt":"2025-04-18T12:49:30","slug":"odznaka-wedrowki-dookola-wroclawia","status":"publish","type":"page","link":"https:\/\/wroclawfabryczna.pttk.pl\/?page_id=72","title":{"rendered":"Odznaka &#8222;W\u0119dr\u00f3wki dooko\u0142a Wroc\u0142awia&#8221;"},"content":{"rendered":"<div id=\"pageDescription\" class=\"content\">\n<p><img loading=\"lazy\" decoding=\"async\" class=\"aligncenter size-medium wp-image-771\" src=\"http:\/\/www.wroclawfabryczna.n.pttk.pl\/wordpress\/wp-content\/uploads\/2020\/09\/wdr_odznaki-300x300.png\" alt=\"\" width=\"300\" height=\"300\" \/><\/p>\n<p style=\"text-align: center;\"><strong>REGULAMIN ODZNAKI KRAJOZNAWCZEJ<br \/><\/strong><strong>\u201e W\u0118DR\u00d3WKI DOOKO\u0141A WROC\u0141AWIA&#8221;<\/strong><\/p>\n<ol style=\"list-style: upper-roman;\">\n<li style=\"text-align: justify;\"><strong> Postanowienia og\u00f3lne<\/strong>\n<ol>\n<li>Odznaka ma s\u0142u\u017cy\u0107 upowszechnianiu turystyki pieszej i popularyzacji walor\u00f3w geograficznych, krajoznawczych, historycznych i rekreacyjnych okolic Wroc\u0142awia.<\/li>\n<li>Odznaka jest jednostopniowa. Sk\u0142ada si\u0119 z dziesi\u0119ciu cz\u0119\u015bci odpowiadaj\u0105cych odcinkom szlaku oraz jednej cz\u0119\u015bci b\u0119d\u0105cej graficznym odwzorowaniem herbu miasta Wroc\u0142awia.<br \/>Wszystkie cz\u0119\u015bci odznaki s\u0105 elementem kompozycyjnej ca\u0142o\u015bci.<\/li>\n<\/ol>\n<\/li>\n<li style=\"text-align: justify;\"><strong> Warunki zdobywania<\/strong>\n<ol>\n<li>Odznak\u0119 mo\u017cna zdobywa\u0107 w czasie wycieczek pieszych w\u0119druj\u0105c \u017c\u00f3\u0142tym szlakiem biegn\u0105cym dooko\u0142a Wroc\u0142awia.<\/li>\n<li>Uczestnikiem wycieczki mo\u017ce by\u0107 osoba, kt\u00f3ra uko\u0144czy\u0142a 4 lata.<\/li>\n<li>W czasie jednej wycieczki mo\u017cna pokona\u0107 tylko jeden z wykazanych odcink\u00f3w szlaku.<\/li>\n<li>Przej\u015bcie odcinka trasy powinno by\u0107 potwierdzone w \u201e Karcie potwierdze\u0144 terenowych odznaki&#8221;, dost\u0119pnej w Oddziale PTTK Wroc\u0142aw &#8211; Fabryczna oraz w innych Oddzia\u0142ach PTTK na terenie miasta Wroc\u0142awia, na zasadach przewidzianych regulaminem Odznaki Turystyki Pieszej.<\/li>\n<li>Przyznanie cz\u0119\u015bci odznaki nast\u0119puje w drodze weryfikacji ka\u017cdego odcinka.<\/li>\n<li>Po zweryfikowaniu dziesi\u0119ciu odznak cz\u0105stkowych otrzymuje si\u0119 bezp\u0142atnie odznak\u0119 \u0142\u0105cz\u0105c\u0105 pozosta\u0142e elementy.\n<ol>\n<li>Odcinki weryfikuje si\u0119 w dowolnej kolejno\u015bci.<\/li>\n<\/ol>\n<\/li>\n<li>Wraz ze zdobywaniem odznaki \u201e W\u0119dr\u00f3wki dooko\u0142a Wroc\u0142awia&#8221; mo\u017cna zdobywa\u0107 r\u00f3wnolegle inne odznaki turystyki kwalifikowanej zgodnie z ich regulaminem.<\/li>\n<\/ol>\n<\/li>\n<li><strong>Postanowienia ko\u0144cowe<\/strong>\n<ol>\n<li style=\"text-align: justify;\">Terenowe karty potwierdze\u0144 z potwierdzonym wpisem \u015bwiadcz\u0105cym o przej\u015bciu odcinku szlaku, weryfikuje si\u0119 w Oddziale PTTK Wroc\u0142aw &#8211; Fabryczna, ul. Ko\u015bciuszki 13\/5.<\/li>\n<li style=\"text-align: justify;\">Odznaki wykupuje si\u0119 w kasie Oddzia\u0142u PTTK Wroc\u0142aw-Fabryczna.<\/li>\n<li style=\"text-align: justify;\">Prawo interpretacji niniejszego regulaminu przys\u0142uguje Zarz\u0105dowi Oddzia\u0142u PTTK Wroc\u0142aw &#8211; Fabryczna.<\/li>\n<\/ol>\n<\/li>\n<\/ol>\n<p style=\"text-align: justify;\"><strong><em>Regulamin opracowany w oparciu o projekt zg\u0142oszony przez Oddzia\u0142 PTTK <\/em><\/strong><strong><em>Wroc\u0142aw &#8211; Fabryczna, zespo\u0142owo przez cz\u0142onk\u00f3w Wojew\u00f3dzkiej Komisji Turystyki <\/em><\/strong><strong><em>Pieszej PTTK.<\/em><\/strong><\/p>\n<p>Wroc\u0142aw 19 marca 1987 r.<\/p>\n<p><strong>Spacerowy Szlak Dooko\u0142a Wroc\u0142awia:<\/strong><\/p>\n<\/div>\n<ul id=\"filesList\">\n<li class=\"l1\"><a href=\"https:\/\/wroclawfabryczna.pttk.pl\/wordpress\/wp-content\/uploads\/2025\/03\/Dookola-Wroclawia-karta-potwierdzen.pdf\" target=\"_blank\" rel=\"noopener noreferrer\">Karta Potwierdze\u0144<\/a><\/li>\n<li><a href=\"https:\/\/wroclawfabryczna.pttk.pl\/wordpress\/wp-content\/uploads\/2025\/03\/Dookola-Wroclawia-regulamin.pdf\" target=\"_blank\" rel=\"noopener noreferrer\">Regulamin Odznaki<\/a><\/li>\n<li><a href=\"https:\/\/wroclawfabryczna.pttk.pl\/wordpress\/wp-content\/uploads\/2025\/04\/WDR_slowo_wstepne.pdf\" target=\"_blank\" rel=\"noopener noreferrer\">S\u0142owo wst\u0119pne do II wydania<\/a><\/li>\n<\/ul>\n<p><strong>Opisy Tras:<\/strong><\/p>\n<ul id=\"filesList\">\n<li class=\"lL\"><a href=\"http:\/\/www.wroclawfabryczna.pttk.pl\/wordpress\/wp-content\/uploads\/2015\/04\/trasa1.pdf\" target=\"_blank\" rel=\"noopener noreferrer\">Le\u015bnica &#8211; Mi\u0119kinia<\/a><\/li>\n<li class=\"lL\"><a href=\"http:\/\/www.wroclawfabryczna.pttk.pl\/wordpress\/wp-content\/uploads\/2015\/04\/trasa2.pdf\" target=\"_blank\" rel=\"noopener noreferrer\">Mi\u0119kinia &#8211; Brzezinka \u015aredzka<\/a><\/li>\n<li class=\"lL\"><a href=\"http:\/\/www.wroclawfabryczna.pttk.pl\/wordpress\/wp-content\/uploads\/2015\/04\/trasa3.pdf\" target=\"_blank\" rel=\"noopener noreferrer\">Uraz &#8211; Wroc\u0142aw &#8211; \u015awiniary<\/a><\/li>\n<li class=\"lL\"><a href=\"http:\/\/www.wroclawfabryczna.pttk.pl\/wordpress\/wp-content\/uploads\/2015\/04\/trasa4.pdf\" target=\"_blank\" rel=\"noopener noreferrer\">\u015awiniary &#8211; Zakrz\u00f3w<\/a><\/li>\n<li class=\"lL\"><a href=\"http:\/\/www.wroclawfabryczna.pttk.pl\/wordpress\/wp-content\/uploads\/2015\/04\/trasa5.pdf\" target=\"_blank\" rel=\"noopener noreferrer\">Zakrz\u00f3w &#8211; Rak\u00f3w<\/a><\/li>\n<li class=\"lL\"><a href=\"http:\/\/www.wroclawfabryczna.pttk.pl\/wordpress\/wp-content\/uploads\/2015\/04\/trasa6.pdf\" target=\"_blank\" rel=\"noopener noreferrer\">Rak\u00f3w &#8211; Czernica<\/a><\/li>\n<li class=\"lL\"><a href=\"http:\/\/www.wroclawfabryczna.pttk.pl\/wordpress\/wp-content\/uploads\/2015\/04\/trasa7.pdf\" target=\"_blank\" rel=\"noopener noreferrer\">Zakrz\u00f3w &#8211; Kotowice ( PKP) &#8211; \u015awi\u0119ta Katarzyna<\/a><\/li>\n<li class=\"lL\"><a href=\"http:\/\/www.wroclawfabryczna.pttk.pl\/wordpress\/wp-content\/uploads\/2015\/04\/trasa8.pdf\" target=\"_blank\" rel=\"noopener noreferrer\">\u015awi\u0119ta Katarzyna &#8211; Bielany Wroc\u0142awskie<\/a><\/li>\n<li class=\"lL\"><a href=\"http:\/\/www.wroclawfabryczna.pttk.pl\/wordpress\/wp-content\/uploads\/2015\/04\/trasa9.pdf\" target=\"_blank\" rel=\"noopener noreferrer\">Bielany Wroc\u0142awskie &#8211; Smolec<\/a><\/li>\n<li class=\"lL\"><a href=\"http:\/\/www.wroclawfabryczna.pttk.pl\/wordpress\/wp-content\/uploads\/2015\/04\/trasa10.pdf\" target=\"_blank\" rel=\"noopener noreferrer\">Smolec &#8211; Le\u015bnica<\/a><\/li>\n<\/ul>\n\n\n<p><\/p>\n","protected":false},"excerpt":{"rendered":"<p>REGULAMIN ODZNAKI KRAJOZNAWCZEJ\u201e W\u0118DR\u00d3WKI DOOKO\u0141A WROC\u0141AWIA&#8221; Postanowienia og\u00f3lne Odznaka ma s\u0142u\u017cy\u0107 upowszechnianiu turystyki pieszej i popularyzacji walor\u00f3w geograficznych, krajoznawczych, historycznych i rekreacyjnych okolic Wroc\u0142awia. Odznaka jest jednostopniowa. Sk\u0142ada si\u0119 z dziesi\u0119ciu cz\u0119\u015bci odpowiadaj\u0105cych odcinkom szlaku oraz jednej cz\u0119\u015bci b\u0119d\u0105cej graficznym odwzorowaniem herbu miasta Wroc\u0142awia.Wszystkie cz\u0119\u015bci odznaki s\u0105 elementem kompozycyjnej ca\u0142o\u015bci. Warunki zdobywania Odznak\u0119 mo\u017cna zdobywa\u0107 &hellip; <a href=\"https:\/\/wroclawfabryczna.pttk.pl\/?page_id=72\" class=\"more-link\">Czytaj dalej <span class=\"screen-reader-text\">Odznaka &#8222;W\u0119dr\u00f3wki dooko\u0142a Wroc\u0142awia&#8221;<\/span> <span class=\"meta-nav\">&rarr;<\/span><\/a><\/p>\n","protected":false},"author":1,"featured_media":0,"parent":75,"menu_order":1,"comment_status":"closed","ping_status":"closed","template":"","meta":{"footnotes":""},"class_list":["post-72","page","type-page","status-publish","hentry"],"_links":{"self":[{"href":"https:\/\/wroclawfabryczna.pttk.pl\/index.php?rest_route=\/wp\/v2\/pages\/72","targetHints":{"allow":["GET"]}}],"collection":[{"href":"https:\/\/wroclawfabryczna.pttk.pl\/index.php?rest_route=\/wp\/v2\/pages"}],"about":[{"href":"https:\/\/wroclawfabryczna.pttk.pl\/index.php?rest_route=\/wp\/v2\/types\/page"}],"author":[{"embeddable":true,"href":"https:\/\/wroclawfabryczna.pttk.pl\/index.php?rest_route=\/wp\/v2\/users\/1"}],"replies":[{"embeddable":true,"href":"https:\/\/wroclawfabryczna.pttk.pl\/index.php?rest_route=%2Fwp%2Fv2%2Fcomments&post=72"}],"version-history":[{"count":12,"href":"https:\/\/wroclawfabryczna.pttk.pl\/index.php?rest_route=\/wp\/v2\/pages\/72\/revisions"}],"predecessor-version":[{"id":1113,"href":"https:\/\/wroclawfabryczna.pttk.pl\/index.php?rest_route=\/wp\/v2\/pages\/72\/revisions\/1113"}],"up":[{"embeddable":true,"href":"https:\/\/wroclawfabryczna.pttk.pl\/index.php?rest_route=\/wp\/v2\/pages\/75"}],"wp:attachment":[{"href":"https:\/\/wroclawfabryczna.pttk.pl\/index.php?rest_route=%2Fwp%2Fv2%2Fmedia&parent=72"}],"curies":[{"name":"wp","href":"https:\/\/api.w.org\/{rel}","templated":true}]}}