{"id":322,"date":"2015-09-06T19:29:54","date_gmt":"2015-09-06T17:29:54","guid":{"rendered":"http:\/\/www.wroclawfabryczna.pttk.pl\/www\/?page_id=322"},"modified":"2025-03-07T16:47:59","modified_gmt":"2025-03-07T15:47:59","slug":"oddzialowa-komisja-ochrony-przyrody","status":"publish","type":"page","link":"https:\/\/wroclawfabryczna.pttk.pl\/?page_id=322","title":{"rendered":"Oddzia\u0142owa Komisja Ochrony Przyrody"},"content":{"rendered":"\n<p><strong>Sk\u0142ad Oddzia\u0142owej Komisji Ochrony Przyrody:<\/strong><\/p>\n\n\n\n<div class=\"wp-block-columns is-layout-flex wp-container-core-columns-is-layout-9d6595d7 wp-block-columns-is-layout-flex\">\n<div class=\"wp-block-column is-layout-flow wp-block-column-is-layout-flow\" style=\"flex-basis:33.33%\">\n<ol class=\"wp-block-list\">\n<li><strong>Iwona Kublik<\/strong><\/li>\n\n\n\n<li><strong>Piotr Stani\u00f3w<br><\/strong> <br> <\/li>\n\n\n\n<li><strong>Andrzej Trybu\u0142a<\/strong><br>  <br> <\/li>\n\n\n\n<li><strong>Adam P\u00f3\u0142rolczyk<\/strong><\/li>\n\n\n\n<li><strong>Edward Kaszuba<\/strong> <br> <br><\/li>\n\n\n\n<li><strong>Henryk Kulczyk<\/strong><\/li>\n<\/ol>\n<\/div>\n\n\n\n<div class=\"wp-block-column is-layout-flow wp-block-column-is-layout-flow\" style=\"flex-basis:66.66%\">\n<p>&#8211; przewodnicz\u0105cy komisji<br>&#8211; wiceprzewodnicz\u0105cy komisji d\/s realizacji projekt\u00f3w edukacyjnych<br>&#8211; wiceprzewodnicz\u0105cy komisji d\/s odznaki &#8222;Turysta Przyrodnik&#8221;<br>&#8211; sekretarz komisji<br>&#8211; cz\u0142onek komisji, cz\u0142onek komisji egzaminacyjnej<br>&#8211; cz\u0142onek referatu weryfikacyjnego<\/p>\n\n\n\n<p><\/p>\n<\/div>\n<\/div>\n\n\n\n<p>Z po\u015br\u00f3d cz\u0142onk\u00f3w Komisji zosta\u0142 wy\u0142oniony <strong>Referat Weryfikacyjny<\/strong> <strong>Odznaki &#8222;Turysta Przyrodnik&#8221; <\/strong>w sk\u0142adzie:<\/p>\n\n\n\n<div class=\"wp-block-columns is-layout-flex wp-container-core-columns-is-layout-9d6595d7 wp-block-columns-is-layout-flex\">\n<div class=\"wp-block-column is-layout-flow wp-block-column-is-layout-flow\" style=\"flex-basis:33.33%\">\n<ol class=\"wp-block-list\">\n<li><strong>Andrzej Trybu\u0142a<\/strong><br><br><\/li>\n\n\n\n<li><strong>Iwona Kublik<\/strong><\/li>\n\n\n\n<li><strong>Henryk Kulczyk<\/strong><\/li>\n<\/ol>\n<\/div>\n\n\n\n<div class=\"wp-block-column is-layout-flow wp-block-column-is-layout-flow\" style=\"flex-basis:66.66%\">\n<p>&#8211; przewodnicz\u0105cy referatu weryfikacyjnego<br>&#8211; sekretarz referatu weryfikacyjnego<br>&#8211; cz\u0142onek referatu weryfikacyjnego<\/p>\n<\/div>\n<\/div>\n\n\n\n<p><strong>Referat Weryfikacyjny<\/strong>&nbsp;posiada uprawnienia do&nbsp;weryfikacji<br><strong>Odznaki &#8222;Turysta Przyrodnik&#8221;&nbsp;<\/strong>do&nbsp;stopnia \u2013&nbsp;<strong>ma\u0142a z\u0142ota<\/strong>.<\/p>\n","protected":false},"excerpt":{"rendered":"<p>Sk\u0142ad Oddzia\u0142owej Komisji Ochrony Przyrody: &#8211; przewodnicz\u0105cy komisji&#8211; wiceprzewodnicz\u0105cy komisji d\/s realizacji projekt\u00f3w edukacyjnych&#8211; wiceprzewodnicz\u0105cy komisji d\/s odznaki &#8222;Turysta Przyrodnik&#8221;&#8211; sekretarz komisji&#8211; cz\u0142onek komisji, cz\u0142onek komisji egzaminacyjnej&#8211; cz\u0142onek referatu weryfikacyjnego Z po\u015br\u00f3d cz\u0142onk\u00f3w Komisji zosta\u0142 wy\u0142oniony Referat Weryfikacyjny Odznaki &#8222;Turysta Przyrodnik&#8221; w sk\u0142adzie: &#8211; przewodnicz\u0105cy referatu weryfikacyjnego&#8211; sekretarz referatu weryfikacyjnego&#8211; cz\u0142onek referatu weryfikacyjnego Referat Weryfikacyjny&nbsp;posiada &hellip; <a href=\"https:\/\/wroclawfabryczna.pttk.pl\/?page_id=322\" class=\"more-link\">Czytaj dalej <span class=\"screen-reader-text\">Oddzia\u0142owa Komisja Ochrony Przyrody<\/span> <span class=\"meta-nav\">&rarr;<\/span><\/a><\/p>\n","protected":false},"author":1,"featured_media":0,"parent":37,"menu_order":0,"comment_status":"closed","ping_status":"closed","template":"","meta":{"footnotes":""},"class_list":["post-322","page","type-page","status-publish","hentry"],"_links":{"self":[{"href":"https:\/\/wroclawfabryczna.pttk.pl\/index.php?rest_route=\/wp\/v2\/pages\/322","targetHints":{"allow":["GET"]}}],"collection":[{"href":"https:\/\/wroclawfabryczna.pttk.pl\/index.php?rest_route=\/wp\/v2\/pages"}],"about":[{"href":"https:\/\/wroclawfabryczna.pttk.pl\/index.php?rest_route=\/wp\/v2\/types\/page"}],"author":[{"embeddable":true,"href":"https:\/\/wroclawfabryczna.pttk.pl\/index.php?rest_route=\/wp\/v2\/users\/1"}],"replies":[{"embeddable":true,"href":"https:\/\/wroclawfabryczna.pttk.pl\/index.php?rest_route=%2Fwp%2Fv2%2Fcomments&post=322"}],"version-history":[{"count":18,"href":"https:\/\/wroclawfabryczna.pttk.pl\/index.php?rest_route=\/wp\/v2\/pages\/322\/revisions"}],"predecessor-version":[{"id":1085,"href":"https:\/\/wroclawfabryczna.pttk.pl\/index.php?rest_route=\/wp\/v2\/pages\/322\/revisions\/1085"}],"up":[{"embeddable":true,"href":"https:\/\/wroclawfabryczna.pttk.pl\/index.php?rest_route=\/wp\/v2\/pages\/37"}],"wp:attachment":[{"href":"https:\/\/wroclawfabryczna.pttk.pl\/index.php?rest_route=%2Fwp%2Fv2%2Fmedia&parent=322"}],"curies":[{"name":"wp","href":"https:\/\/api.w.org\/{rel}","templated":true}]}}

Oddziałowa Komisja Ochrony Przyrody

<p><strong>Skład Oddziałowej Komisji Ochrony Przyrody:</strong></p>



<div class="wp-block-columns is-layout-flex wp-container-core-columns-is-layout-9d6595d7 wp-block-columns-is-layout-flex">
<div class="wp-block-column is-layout-flow wp-block-column-is-layout-flow" style="flex-basis:33.33%">
<ol class="wp-block-list">
<li><strong>Iwona Kublik</strong></li>



<li><strong>Piotr Staniów<br></strong> <br> </li>



<li><strong>Andrzej Trybuła</strong><br>  <br> </li>



<li><strong>Adam Półrolczyk</strong></li>



<li><strong>Edward Kaszuba</strong> <br> <br></li>



<li><strong>Henryk Kulczyk</strong></li>
</ol>
</div>



<div class="wp-block-column is-layout-flow wp-block-column-is-layout-flow" style="flex-basis:66.66%">
<p>&#8211; przewodniczący komisji<br>&#8211; wiceprzewodniczący komisji d/s realizacji projektów edukacyjnych<br>&#8211; wiceprzewodniczący komisji d/s odznaki &#8222;Turysta Przyrodnik&#8221;<br>&#8211; sekretarz komisji<br>&#8211; członek komisji, członek komisji egzaminacyjnej<br>&#8211; członek referatu weryfikacyjnego</p>



<p></p>
</div>
</div>



<p>Z pośród członków Komisji został wyłoniony <strong>Referat Weryfikacyjny</strong> <strong>Odznaki &#8222;Turysta Przyrodnik&#8221; </strong>w składzie:</p>



<div class="wp-block-columns is-layout-flex wp-container-core-columns-is-layout-9d6595d7 wp-block-columns-is-layout-flex">
<div class="wp-block-column is-layout-flow wp-block-column-is-layout-flow" style="flex-basis:33.33%">
<ol class="wp-block-list">
<li><strong>Andrzej Trybuła</strong><br><br></li>



<li><strong>Iwona Kublik</strong></li>



<li><strong>Henryk Kulczyk</strong></li>
</ol>
</div>



<div class="wp-block-column is-layout-flow wp-block-column-is-layout-flow" style="flex-basis:66.66%">
<p>&#8211; przewodniczący referatu weryfikacyjnego<br>&#8211; sekretarz referatu weryfikacyjnego<br>&#8211; członek referatu weryfikacyjnego</p>
</div>
</div>



<p><strong>Referat Weryfikacyjny</strong>&nbsp;posiada uprawnienia do&nbsp;weryfikacji<br><strong>Odznaki &#8222;Turysta Przyrodnik&#8221;&nbsp;</strong>do&nbsp;stopnia –&nbsp;<strong>mała złota</strong>.</p>

<p>Skład Oddziałowej Komisji Ochrony Przyrody: &#8211; przewodniczący komisji&#8211; wiceprzewodniczący komisji d/s realizacji projektów edukacyjnych&#8211; wiceprzewodniczący komisji d/s odznaki &#8222;Turysta Przyrodnik&#8221;&#8211; sekretarz komisji&#8211; członek komisji, członek komisji egzaminacyjnej&#8211; członek referatu weryfikacyjnego Z pośród członków Komisji został wyłoniony Referat Weryfikacyjny Odznaki &#8222;Turysta Przyrodnik&#8221; w składzie: &#8211; przewodniczący referatu weryfikacyjnego&#8211; sekretarz referatu weryfikacyjnego&#8211; członek referatu weryfikacyjnego Referat Weryfikacyjny&nbsp;posiada &hellip; <a href="https://wroclawfabryczna.pttk.pl/?page_id=322" class="more-link">Czytaj dalej <span class="screen-reader-text">Oddziałowa Komisja Ochrony Przyrody</span> <span class="meta-nav">&rarr;</span></a></p>
