{"id":318,"date":"2015-09-06T19:09:39","date_gmt":"2015-09-06T17:09:39","guid":{"rendered":"http:\/\/www.wroclawfabryczna.pttk.pl\/www\/?page_id=318"},"modified":"2020-09-30T20:56:09","modified_gmt":"2020-09-30T18:56:09","slug":"oddzialowa-komisja-turystyki-kolarskiej","status":"publish","type":"page","link":"https:\/\/wroclawfabryczna.pttk.pl\/?page_id=318","title":{"rendered":"Oddzia\u0142owa Komisja Turystyki Kolarskiej"},"content":{"rendered":"\n<p><strong>Sk\u0142ad Oddzia\u0142owej Komisji Turystyki Kolarskiej:<\/strong><\/p>\n\n\n\n<div class=\"wp-block-columns is-layout-flex wp-container-core-columns-is-layout-9d6595d7 wp-block-columns-is-layout-flex\">\n<div class=\"wp-block-column is-layout-flow wp-block-column-is-layout-flow\">\n<ol class=\"wp-block-list\"><li><strong>Andrzej Trybu\u0142a<\/strong><\/li><li><strong>Henryk Kulczyk<\/strong><\/li><li><strong>Iwona Kublik<\/strong><\/li><li><strong>Zdzis\u0142aw Dryglewski<\/strong><\/li><li><strong>Tadeusz Kozak<\/strong><\/li><li><strong>Janina Zaj\u0105c-Kli\u0144ska<\/strong><\/li><\/ol>\n<\/div>\n\n\n\n<div class=\"wp-block-column is-layout-flow wp-block-column-is-layout-flow\">\n<p>&#8211; przewodnicz\u0105cy komisji<br>&#8211; wiceprzewodnicz\u0105cy komisji<br>&#8211; sekretarz komisji<br>&#8211; cz\u0142onek komisji<br>&#8211; cz\u0142onek komisji<br>&#8211; cz\u0142onek komisji<\/p>\n<\/div>\n<\/div>\n\n\n\n<p>Z po\u015br\u00f3d cz\u0142onk\u00f3w Komisji zosta\u0142 wy\u0142oniony <strong>Referat Weryfikacyjny Kolarskiej Odznaki Turystycznej<\/strong> w sk\u0142adzie:<\/p>\n\n\n\n<div class=\"wp-block-columns is-layout-flex wp-container-core-columns-is-layout-9d6595d7 wp-block-columns-is-layout-flex\">\n<div class=\"wp-block-column is-layout-flow wp-block-column-is-layout-flow\">\n<ol class=\"wp-block-list\"><li><strong>Henryk Kulczyk<\/strong><\/li><li><strong>Andrzej Trybu\u0142a<\/strong><\/li><li><strong>Janina Zaj\u0105c-Kli\u0144ska<\/strong><\/li><\/ol>\n<\/div>\n\n\n\n<div class=\"wp-block-column is-layout-flow wp-block-column-is-layout-flow\">\n<p>&#8211; przewodnicz\u0105cy referatu<br>&#8211; sekretarz referatu<br>&#8211; cz\u0142onek referatu<\/p>\n<\/div>\n<\/div>\n\n\n\n<p>Referat Weryfikacyjny posiada uprawnienia do weryfikacji <strong>Kolarskiej Odznaki Turystycznej<\/strong> do stopnia &#8211; <strong>ma\u0142a z\u0142ota<\/strong>.<\/p>\n","protected":false},"excerpt":{"rendered":"<p>Sk\u0142ad Oddzia\u0142owej Komisji Turystyki Kolarskiej: Andrzej Trybu\u0142a Henryk Kulczyk Iwona Kublik Zdzis\u0142aw Dryglewski Tadeusz Kozak Janina Zaj\u0105c-Kli\u0144ska &#8211; przewodnicz\u0105cy komisji&#8211; wiceprzewodnicz\u0105cy komisji&#8211; sekretarz komisji&#8211; cz\u0142onek komisji&#8211; cz\u0142onek komisji&#8211; cz\u0142onek komisji Z po\u015br\u00f3d cz\u0142onk\u00f3w Komisji zosta\u0142 wy\u0142oniony Referat Weryfikacyjny Kolarskiej Odznaki Turystycznej w sk\u0142adzie: Henryk Kulczyk Andrzej Trybu\u0142a Janina Zaj\u0105c-Kli\u0144ska &#8211; przewodnicz\u0105cy referatu&#8211; sekretarz referatu&#8211; cz\u0142onek &hellip; <a href=\"https:\/\/wroclawfabryczna.pttk.pl\/?page_id=318\" class=\"more-link\">Czytaj dalej <span class=\"screen-reader-text\">Oddzia\u0142owa Komisja Turystyki Kolarskiej<\/span> <span class=\"meta-nav\">&rarr;<\/span><\/a><\/p>\n","protected":false},"author":1,"featured_media":0,"parent":37,"menu_order":0,"comment_status":"closed","ping_status":"closed","template":"","meta":{"footnotes":""},"class_list":["post-318","page","type-page","status-publish","hentry"],"_links":{"self":[{"href":"https:\/\/wroclawfabryczna.pttk.pl\/index.php?rest_route=\/wp\/v2\/pages\/318","targetHints":{"allow":["GET"]}}],"collection":[{"href":"https:\/\/wroclawfabryczna.pttk.pl\/index.php?rest_route=\/wp\/v2\/pages"}],"about":[{"href":"https:\/\/wroclawfabryczna.pttk.pl\/index.php?rest_route=\/wp\/v2\/types\/page"}],"author":[{"embeddable":true,"href":"https:\/\/wroclawfabryczna.pttk.pl\/index.php?rest_route=\/wp\/v2\/users\/1"}],"replies":[{"embeddable":true,"href":"https:\/\/wroclawfabryczna.pttk.pl\/index.php?rest_route=%2Fwp%2Fv2%2Fcomments&post=318"}],"version-history":[{"count":4,"href":"https:\/\/wroclawfabryczna.pttk.pl\/index.php?rest_route=\/wp\/v2\/pages\/318\/revisions"}],"predecessor-version":[{"id":790,"href":"https:\/\/wroclawfabryczna.pttk.pl\/index.php?rest_route=\/wp\/v2\/pages\/318\/revisions\/790"}],"up":[{"embeddable":true,"href":"https:\/\/wroclawfabryczna.pttk.pl\/index.php?rest_route=\/wp\/v2\/pages\/37"}],"wp:attachment":[{"href":"https:\/\/wroclawfabryczna.pttk.pl\/index.php?rest_route=%2Fwp%2Fv2%2Fmedia&parent=318"}],"curies":[{"name":"wp","href":"https:\/\/api.w.org\/{rel}","templated":true}]}}

Oddziałowa Komisja Turystyki Kolarskiej

<p><strong>Skład Oddziałowej Komisji Turystyki Kolarskiej:</strong></p>



<div class="wp-block-columns is-layout-flex wp-container-core-columns-is-layout-9d6595d7 wp-block-columns-is-layout-flex">
<div class="wp-block-column is-layout-flow wp-block-column-is-layout-flow">
<ol class="wp-block-list"><li><strong>Andrzej Trybuła</strong></li><li><strong>Henryk Kulczyk</strong></li><li><strong>Iwona Kublik</strong></li><li><strong>Zdzisław Dryglewski</strong></li><li><strong>Tadeusz Kozak</strong></li><li><strong>Janina Zając-Klińska</strong></li></ol>
</div>



<div class="wp-block-column is-layout-flow wp-block-column-is-layout-flow">
<p>&#8211; przewodniczący komisji<br>&#8211; wiceprzewodniczący komisji<br>&#8211; sekretarz komisji<br>&#8211; członek komisji<br>&#8211; członek komisji<br>&#8211; członek komisji</p>
</div>
</div>



<p>Z pośród członków Komisji został wyłoniony <strong>Referat Weryfikacyjny Kolarskiej Odznaki Turystycznej</strong> w składzie:</p>



<div class="wp-block-columns is-layout-flex wp-container-core-columns-is-layout-9d6595d7 wp-block-columns-is-layout-flex">
<div class="wp-block-column is-layout-flow wp-block-column-is-layout-flow">
<ol class="wp-block-list"><li><strong>Henryk Kulczyk</strong></li><li><strong>Andrzej Trybuła</strong></li><li><strong>Janina Zając-Klińska</strong></li></ol>
</div>



<div class="wp-block-column is-layout-flow wp-block-column-is-layout-flow">
<p>&#8211; przewodniczący referatu<br>&#8211; sekretarz referatu<br>&#8211; członek referatu</p>
</div>
</div>



<p>Referat Weryfikacyjny posiada uprawnienia do weryfikacji <strong>Kolarskiej Odznaki Turystycznej</strong> do stopnia &#8211; <strong>mała złota</strong>.</p>

<p>Skład Oddziałowej Komisji Turystyki Kolarskiej: Andrzej Trybuła Henryk Kulczyk Iwona Kublik Zdzisław Dryglewski Tadeusz Kozak Janina Zając-Klińska &#8211; przewodniczący komisji&#8211; wiceprzewodniczący komisji&#8211; sekretarz komisji&#8211; członek komisji&#8211; członek komisji&#8211; członek komisji Z pośród członków Komisji został wyłoniony Referat Weryfikacyjny Kolarskiej Odznaki Turystycznej w składzie: Henryk Kulczyk Andrzej Trybuła Janina Zając-Klińska &#8211; przewodniczący referatu&#8211; sekretarz referatu&#8211; członek &hellip; <a href="https://wroclawfabryczna.pttk.pl/?page_id=318" class="more-link">Czytaj dalej <span class="screen-reader-text">Oddziałowa Komisja Turystyki Kolarskiej</span> <span class="meta-nav">&rarr;</span></a></p>
