{"id":25,"date":"2015-04-05T13:46:40","date_gmt":"2015-04-05T11:46:40","guid":{"rendered":"http:\/\/www.wroclawfabryczna.pttk.pl\/www\/?page_id=25"},"modified":"2025-03-07T16:40:00","modified_gmt":"2025-03-07T15:40:00","slug":"kolo-pttk-nr-14-dolnoslazacy-przy-komendzie-wojewodzkiej-policji-we-wroclawiu","status":"publish","type":"page","link":"https:\/\/wroclawfabryczna.pttk.pl\/?page_id=25","title":{"rendered":"Ko\u0142o PTTK Nr 14 &#8222;DOLNO\u015aL\u0104ZACY&#8221; przy Komendzie Wojew\u00f3dzkiej Policji we Wroc\u0142awiu"},"content":{"rendered":"<p>Ko\u0142o PTTK Nr 14 &#8222;DOLNO\u015aL\u0104ZACY&#8221; przy Komendzie Wojew\u00f3dzkiej Policji we Wroc\u0142awiu<\/p>\n","protected":false},"excerpt":{"rendered":"<p>Ko\u0142o PTTK Nr 14 &#8222;DOLNO\u015aL\u0104ZACY&#8221; przy Komendzie Wojew\u00f3dzkiej Policji we Wroc\u0142awiu<\/p>\n","protected":false},"author":1,"featured_media":0,"parent":17,"menu_order":0,"comment_status":"closed","ping_status":"closed","template":"","meta":{"footnotes":""},"class_list":["post-25","page","type-page","status-publish","hentry"],"_links":{"self":[{"href":"https:\/\/wroclawfabryczna.pttk.pl\/index.php?rest_route=\/wp\/v2\/pages\/25","targetHints":{"allow":["GET"]}}],"collection":[{"href":"https:\/\/wroclawfabryczna.pttk.pl\/index.php?rest_route=\/wp\/v2\/pages"}],"about":[{"href":"https:\/\/wroclawfabryczna.pttk.pl\/index.php?rest_route=\/wp\/v2\/types\/page"}],"author":[{"embeddable":true,"href":"https:\/\/wroclawfabryczna.pttk.pl\/index.php?rest_route=\/wp\/v2\/users\/1"}],"replies":[{"embeddable":true,"href":"https:\/\/wroclawfabryczna.pttk.pl\/index.php?rest_route=%2Fwp%2Fv2%2Fcomments&post=25"}],"version-history":[{"count":8,"href":"https:\/\/wroclawfabryczna.pttk.pl\/index.php?rest_route=\/wp\/v2\/pages\/25\/revisions"}],"predecessor-version":[{"id":1065,"href":"https:\/\/wroclawfabryczna.pttk.pl\/index.php?rest_route=\/wp\/v2\/pages\/25\/revisions\/1065"}],"up":[{"embeddable":true,"href":"https:\/\/wroclawfabryczna.pttk.pl\/index.php?rest_route=\/wp\/v2\/pages\/17"}],"wp:attachment":[{"href":"https:\/\/wroclawfabryczna.pttk.pl\/index.php?rest_route=%2Fwp%2Fv2%2Fmedia&parent=25"}],"curies":[{"name":"wp","href":"https:\/\/api.w.org\/{rel}","templated":true}]}}

Koło PTTK Nr 14 &#8222;DOLNOŚLĄZACY&#8221; przy Komendzie Wojewódzkiej Policji we Wrocławiu

<p>Koło PTTK Nr 14 &#8222;DOLNOŚLĄZACY&#8221; przy Komendzie Wojewódzkiej Policji we Wrocławiu</p>
